{"id":910,"date":"2020-12-03T13:42:09","date_gmt":"2020-12-03T11:42:09","guid":{"rendered":"http:\/\/fotografiska.ee\/epood\/product\/import-placeholder-for-89760\/"},"modified":"2023-02-10T14:40:38","modified_gmt":"2023-02-10T12:40:38","slug":"sebastiao-salgado-genesis","status":"publish","type":"product","link":"https:\/\/fotografiska.ee\/epood\/product\/sebastiao-salgado-genesis\/","title":{"rendered":"Sebasti\u00e3o Salgado, Genesis"},"content":{"rendered":"<p>Sebasti\u00e3o Salgado \"Genesis\" on p\u00fchendatud meie planeedi ilule, p\u00f6\u00f6rates tagasi sellele tehtud kahju ning p\u00fc\u00fcdes seda s\u00e4ilitada tuleviku jaoks. Salgado on rohkem kui 30 r\u00e4nnakult j\u00e4\u00e4dvustanud fotosid loodusest, loomadest ja p\u00f5lisrahvastest. Salgado kasutab meisterlikult mustvalget fotot, r\u00f5hutades peeneid tonaalseid variatsioone ning valguse ja varju kontraste, meenutades oma valgusek\u00e4sitluselt maalikunsti vanameistreid.<\/p>\n<p>K\u00f5vakaanelises raamatus on 520 lehek\u00fclge.<\/p>\n","protected":false},"excerpt":{"rendered":"<p>Sebasti\u00e3o Salgado \"Genesis\" on p\u00fchendatud meie planeedi ilule, p\u00f6\u00f6rates tagasi sellele tehtud kahju ning p\u00fc\u00fcdes seda s\u00e4ilitada tuleviku jaoks. Salgado on rohkem kui 30 r\u00e4nnakult j\u00e4\u00e4dvustanud fotosid loodusest, loomadest ja p\u00f5lisrahvastest. Salgado kasutab meisterlikult mustvalget fotot, r\u00f5hutades peeneid tonaalseid variatsioone ning valguse ja varju kontraste, meenutades oma valgusek\u00e4sitluselt maalikunsti vanameistreid. K\u00f5vakaanelises raamatus on 520 lehek\u00fclge.<\/p>\n","protected":false},"featured_media":109,"template":"","meta":{"_acf_changed":false,"inline_featured_image":false},"product_brand":[],"product_cat":[20,339],"product_tag":[],"class_list":{"0":"post-910","1":"product","2":"type-product","3":"status-publish","4":"has-post-thumbnail","6":"product_cat-raamatud","7":"product_cat-moodunud-naitused","9":"first","10":"instock","11":"taxable","12":"shipping-taxable","13":"purchasable","14":"product-type-simple"},"acf":[],"_links":{"self":[{"href":"https:\/\/fotografiska.ee\/epood\/wp-json\/wp\/v2\/product\/910","targetHints":{"allow":["GET"]}}],"collection":[{"href":"https:\/\/fotografiska.ee\/epood\/wp-json\/wp\/v2\/product"}],"about":[{"href":"https:\/\/fotografiska.ee\/epood\/wp-json\/wp\/v2\/types\/product"}],"wp:featuredmedia":[{"embeddable":true,"href":"https:\/\/fotografiska.ee\/epood\/wp-json\/wp\/v2\/media\/109"}],"wp:attachment":[{"href":"https:\/\/fotografiska.ee\/epood\/wp-json\/wp\/v2\/media?parent=910"}],"wp:term":[{"taxonomy":"product_brand","embeddable":true,"href":"https:\/\/fotografiska.ee\/epood\/wp-json\/wp\/v2\/product_brand?post=910"},{"taxonomy":"product_cat","embeddable":true,"href":"https:\/\/fotografiska.ee\/epood\/wp-json\/wp\/v2\/product_cat?post=910"},{"taxonomy":"product_tag","embeddable":true,"href":"https:\/\/fotografiska.ee\/epood\/wp-json\/wp\/v2\/product_tag?post=910"}],"curies":[{"name":"wp","href":"https:\/\/api.w.org\/{rel}","templated":true}]}}