{"id":30422,"date":"2026-05-05T09:24:44","date_gmt":"2026-05-05T06:24:44","guid":{"rendered":"https:\/\/www.fotografiska.ee\/epood\/?post_type=product&#038;p=30422"},"modified":"2026-05-05T09:24:44","modified_gmt":"2026-05-05T06:24:44","slug":"inta-ruka-people-i-know","status":"publish","type":"product","link":"https:\/\/www.fotografiska.ee\/epood\/product\/inta-ruka-people-i-know\/","title":{"rendered":"Inta Ruka: People I know"},"content":{"rendered":"<p>Raamat on inglise keeles.<\/p>\n<p>Inta Ruka on L\u00e4ti tuntuim fotograaf ja \u00fcks k\u00f5ige paeluvamaid nimesid Euroopa pildiloojate seas. See muljetavaldav monograafia esitleb esmakordselt tema koondloomingut \u00fches raamatus, h\u00f5lmates tema kolme suurimat projekti, mis ulatuvad tagasi 1980. aastatesse: <em data-start=\"259\" data-end=\"278\">Minu maa inimesed<\/em>, <em data-start=\"280\" data-end=\"320\">Inimesed, kellega juhuslikult kohtusin<\/em> ja <em data-start=\"324\" data-end=\"344\">Amalijase t\u00e4nav 5a<\/em>. Tema dokumentaal-antropoloogiline l\u00e4henemine on saanud inspiratsiooni <span class=\"hover:entity-accent entity-underline inline cursor-pointer align-baseline\"><span class=\"whitespace-normal\">August Sander<\/span><\/span>, <span class=\"hover:entity-accent entity-underline inline cursor-pointer align-baseline\"><span class=\"whitespace-normal\">Walker Evans<\/span><\/span> ja <span class=\"hover:entity-accent entity-underline inline cursor-pointer align-baseline\"><span class=\"whitespace-normal\">Dorothea Lange<\/span><\/span> loomingust. T\u00f6\u00f6tades oma kodulinnas Riias, toob Inta Ruka oma kaasmaalaste portreedesse nii uudishimu kui ka aususe, samuti vastastikuse usalduse tunde, mis l\u00e4bib k\u00f5iki tema portreesid.<\/p>\n","protected":false},"excerpt":{"rendered":"<p>Raamat on inglise keeles. Inta Ruka on L\u00e4ti tuntuim fotograaf ja \u00fcks k\u00f5ige paeluvamaid nimesid Euroopa pildiloojate seas. See muljetavaldav monograafia esitleb esmakordselt tema koondloomingut \u00fches raamatus, h\u00f5lmates tema kolme suurimat projekti, mis ulatuvad tagasi 1980. aastatesse: Minu maa inimesed, Inimesed, kellega juhuslikult kohtusin ja Amalijase t\u00e4nav 5a. Tema dokumentaal-antropoloogiline l\u00e4henemine on saanud inspiratsiooni August [&hellip;]<\/p>\n","protected":false},"featured_media":30423,"template":"","meta":{"_acf_changed":false,"inline_featured_image":false},"product_brand":[],"product_cat":[374,20],"product_tag":[],"class_list":{"0":"post-30422","1":"product","2":"type-product","3":"status-publish","4":"has-post-thumbnail","6":"product_cat-hetkel-naitame","7":"product_cat-raamatud","9":"first","10":"instock","11":"taxable","12":"shipping-taxable","13":"purchasable","14":"product-type-simple"},"acf":[],"_links":{"self":[{"href":"https:\/\/www.fotografiska.ee\/epood\/wp-json\/wp\/v2\/product\/30422","targetHints":{"allow":["GET"]}}],"collection":[{"href":"https:\/\/www.fotografiska.ee\/epood\/wp-json\/wp\/v2\/product"}],"about":[{"href":"https:\/\/www.fotografiska.ee\/epood\/wp-json\/wp\/v2\/types\/product"}],"wp:featuredmedia":[{"embeddable":true,"href":"https:\/\/www.fotografiska.ee\/epood\/wp-json\/wp\/v2\/media\/30423"}],"wp:attachment":[{"href":"https:\/\/www.fotografiska.ee\/epood\/wp-json\/wp\/v2\/media?parent=30422"}],"wp:term":[{"taxonomy":"product_brand","embeddable":true,"href":"https:\/\/www.fotografiska.ee\/epood\/wp-json\/wp\/v2\/product_brand?post=30422"},{"taxonomy":"product_cat","embeddable":true,"href":"https:\/\/www.fotografiska.ee\/epood\/wp-json\/wp\/v2\/product_cat?post=30422"},{"taxonomy":"product_tag","embeddable":true,"href":"https:\/\/www.fotografiska.ee\/epood\/wp-json\/wp\/v2\/product_tag?post=30422"}],"curies":[{"name":"wp","href":"https:\/\/api.w.org\/{rel}","templated":true}]}}