{"id":29184,"date":"2024-12-09T15:15:33","date_gmt":"2024-12-09T13:15:33","guid":{"rendered":"https:\/\/www.fotografiska.ee\/epood\/?post_type=product&#038;p=29184"},"modified":"2025-12-06T00:08:10","modified_gmt":"2025-12-05T21:08:10","slug":"epic-bike-rides-of-the-world","status":"publish","type":"product","link":"https:\/\/fotografiska.ee\/epood\/product\/epic-bike-rides-of-the-world\/","title":{"rendered":"Epic Bike Rides of the World"},"content":{"rendered":"<p><strong>\"Epic Bike Rides of the World\"<\/strong> tutvustab 200 parimat kohta jalgrattas\u00f5iduks, koondatuna kaunilt illustreeritud k\u00f5vakaanelisesse raamatusse. Alates peres\u00f5bralikest linnaradadest kuni seiklusteni k\u00f5rvalistes paigus \u2013 sihtkohad ulatuvad Prantsusmaalt ja Itaaliast, kus toimuvad maailma suurimad jalgrattav\u00f5istlused, kuni Mongoolia ja Patagoonia metsikute maastikeni. Need teekonnad inspireerivad nii kogenud rattureid kui ka algajaid.<\/p>\n<p>Raamat on jaotatud mandrite kaupa. Ameerikates osaleme pererattamatkal Ecuadoris, s\u00f5idame Natchez Trace Parkway\u2019l ja k\u00fclastame kuulsaid muusikapaiku, avastame Vaikse ookeani rannikut Oregonis ja Californias, m\u00e4girattamekasid Moabis ja Kanadas ning uurime Buenos Airese ja New Yorgi linnu jalgrattal.<\/p>\n<p>Euroopa radade seas on rahulikud s\u00f5idud \u00fcmber Bodeni j\u00e4rve, Doonau ja Loire\u2019i kallastel ning \u00fcle mandri kulgevad marsruudid; Toscana, Hispaania ja Korsika marsruudid; ning professionaalidele m\u00f5eldud t\u00f5usud Mt Ventoux\u2019le ja Flandria velotuuri rajad.<\/p>\n","protected":false},"excerpt":{"rendered":"<p><strong>\"Epic Bike Rides of the World\"<\/strong> tutvustab 200 parimat kohta jalgrattas\u00f5iduks, koondatuna kaunilt illustreeritud k\u00f5vakaanelisesse raamatusse. Alates peres\u00f5bralikest linnaradadest kuni seiklusteni k\u00f5rvalistes paigus \u2013 sihtkohad ulatuvad Prantsusmaalt ja Itaaliast, kus toimuvad maailma suurimad jalgrattav\u00f5istlused, kuni Mongoolia ja Patagoonia metsikute maastikeni. Need teekonnad inspireerivad nii kogenud rattureid kui ka algajaid.<\/p>\n<p>Raamat on jaotatud mandrite kaupa. Ameerikates osaleme pererattamatkal Ecuadoris, s\u00f5idame Natchez Trace Parkway\u2019l ja k\u00fclastame kuulsaid muusikapaiku, avastame Vaikse ookeani rannikut Oregonis ja Californias, m\u00e4girattamekasid Moabis ja Kanadas ning uurime Buenos Airese ja New Yorgi linnu jalgrattal.<\/p>\n<p>Euroopa radade seas on rahulikud s\u00f5idud \u00fcmber Bodeni j\u00e4rve, Doonau ja Loire\u2019i kallastel ning \u00fcle mandri kulgevad marsruudid; Toscana, Hispaania ja Korsika marsruudid; ning professionaalidele m\u00f5eldud t\u00f5usud Mt Ventoux\u2019le ja Flandria velotuuri rajad.<\/p>\n","protected":false},"featured_media":29190,"template":"","meta":{"_acf_changed":false,"inline_featured_image":false},"product_brand":[],"product_cat":[398,400],"product_tag":[],"class_list":{"0":"post-29184","1":"product","2":"type-product","3":"status-publish","4":"has-post-thumbnail","6":"product_cat-kureeritud-kingiideed","7":"product_cat-reisiraamatud","9":"first","10":"instock","11":"sale","12":"taxable","13":"shipping-taxable","14":"purchasable","15":"product-type-simple"},"acf":[],"_links":{"self":[{"href":"https:\/\/fotografiska.ee\/epood\/wp-json\/wp\/v2\/product\/29184","targetHints":{"allow":["GET"]}}],"collection":[{"href":"https:\/\/fotografiska.ee\/epood\/wp-json\/wp\/v2\/product"}],"about":[{"href":"https:\/\/fotografiska.ee\/epood\/wp-json\/wp\/v2\/types\/product"}],"wp:featuredmedia":[{"embeddable":true,"href":"https:\/\/fotografiska.ee\/epood\/wp-json\/wp\/v2\/media\/29190"}],"wp:attachment":[{"href":"https:\/\/fotografiska.ee\/epood\/wp-json\/wp\/v2\/media?parent=29184"}],"wp:term":[{"taxonomy":"product_brand","embeddable":true,"href":"https:\/\/fotografiska.ee\/epood\/wp-json\/wp\/v2\/product_brand?post=29184"},{"taxonomy":"product_cat","embeddable":true,"href":"https:\/\/fotografiska.ee\/epood\/wp-json\/wp\/v2\/product_cat?post=29184"},{"taxonomy":"product_tag","embeddable":true,"href":"https:\/\/fotografiska.ee\/epood\/wp-json\/wp\/v2\/product_tag?post=29184"}],"curies":[{"name":"wp","href":"https:\/\/api.w.org\/{rel}","templated":true}]}}