{"id":29180,"date":"2024-12-09T15:11:02","date_gmt":"2024-12-09T13:11:02","guid":{"rendered":"https:\/\/www.fotografiska.ee\/epood\/?post_type=product&#038;p=29180"},"modified":"2024-12-12T12:55:26","modified_gmt":"2024-12-12T10:55:26","slug":"epic-hikes-of-the-world","status":"publish","type":"product","link":"https:\/\/fotografiska.ee\/epood\/product\/epic-hikes-of-the-world\/","title":{"rendered":"Epic Hikes of the World"},"content":{"rendered":"<p><strong>\"Epic Hikes of the World\"<\/strong> toob sinuni lood 50 uskumatust matkarajast 30 riigis, alates Uus-Meremaast kuni Peruuni, lisaks veel 150 lisasoovitust. Lonely Planeti raamat inspireerib sind eluaegsele jalgsiseiklusele. Olgu see \u00fchep\u00e4evane matk, linnarada, kuuajane l\u00e4bir\u00e4nnak, kultuuriline r\u00e4nnak v\u00f5i m\u00e4giekspeditsioon \u2013 iga rada jagab \u00fcht \u00fchist omadust: see on t\u00f5eliselt eepiline.<\/p>\n<p>Selles j\u00e4rjes raamatutele <strong>\"Epic Bike Rides\"<\/strong> ja <strong>\"Epic Drives\"<\/strong> jagame oma seiklusi maailma parimatel matkaradadel. <strong>\"Epic Hikes\"<\/strong> on korraldatud mandrite kaupa, kus iga rada \u00e4rkab ellu l\u00e4bi esmapersooniliste lugude, kaunite fotode ja illustratsioonidega kaartide. Iga matkaraja juures on ka praktilised n\u00f5uanded: kuidas kohale j\u00f5uda, kus \u00f6\u00f6bida, mida kaasa pakkida ja kus s\u00fc\u00fca. Lisaks pakume soovitusi kolmele sarnasele rajale teistes maailma piirkondades.<\/p>\n","protected":false},"excerpt":{"rendered":"<p>\"Epic Hikes of the World\" toob sinuni lood 50 uskumatust matkarajast 30 riigis, alates Uus-Meremaast kuni Peruuni, lisaks veel 150 lisasoovitust. Lonely Planeti raamat inspireerib sind eluaegsele jalgsiseiklusele. Olgu see \u00fchep\u00e4evane matk, linnarada, kuuajane l\u00e4bir\u00e4nnak, kultuuriline r\u00e4nnak v\u00f5i m\u00e4giekspeditsioon \u2013 iga rada jagab \u00fcht \u00fchist omadust: see on t\u00f5eliselt eepiline. Selles j\u00e4rjes raamatutele \"Epic Bike [&hellip;]<\/p>\n","protected":false},"featured_media":29188,"template":"","meta":{"_acf_changed":false,"inline_featured_image":false},"product_brand":[],"product_cat":[398,400],"product_tag":[],"class_list":{"0":"post-29180","1":"product","2":"type-product","3":"status-publish","4":"has-post-thumbnail","6":"product_cat-kureeritud-kingiideed","7":"product_cat-reisiraamatud","9":"first","10":"instock","11":"sale","12":"taxable","13":"shipping-taxable","14":"purchasable","15":"product-type-simple"},"acf":[],"_links":{"self":[{"href":"https:\/\/fotografiska.ee\/epood\/wp-json\/wp\/v2\/product\/29180","targetHints":{"allow":["GET"]}}],"collection":[{"href":"https:\/\/fotografiska.ee\/epood\/wp-json\/wp\/v2\/product"}],"about":[{"href":"https:\/\/fotografiska.ee\/epood\/wp-json\/wp\/v2\/types\/product"}],"wp:featuredmedia":[{"embeddable":true,"href":"https:\/\/fotografiska.ee\/epood\/wp-json\/wp\/v2\/media\/29188"}],"wp:attachment":[{"href":"https:\/\/fotografiska.ee\/epood\/wp-json\/wp\/v2\/media?parent=29180"}],"wp:term":[{"taxonomy":"product_brand","embeddable":true,"href":"https:\/\/fotografiska.ee\/epood\/wp-json\/wp\/v2\/product_brand?post=29180"},{"taxonomy":"product_cat","embeddable":true,"href":"https:\/\/fotografiska.ee\/epood\/wp-json\/wp\/v2\/product_cat?post=29180"},{"taxonomy":"product_tag","embeddable":true,"href":"https:\/\/fotografiska.ee\/epood\/wp-json\/wp\/v2\/product_tag?post=29180"}],"curies":[{"name":"wp","href":"https:\/\/api.w.org\/{rel}","templated":true}]}}