{"id":29129,"date":"2024-12-01T13:36:46","date_gmt":"2024-12-01T11:36:46","guid":{"rendered":"https:\/\/fotografiska.ee\/epood\/?post_type=product&#038;p=29129"},"modified":"2024-12-09T13:34:49","modified_gmt":"2024-12-09T11:34:49","slug":"tanava-fotograafia-valjakutse","status":"publish","type":"product","link":"https:\/\/fotografiska.ee\/epood\/product\/tanava-fotograafia-valjakutse\/","title":{"rendered":"The street photography challenge"},"content":{"rendered":"<p>Pildistage peegeldust, m\u00e4ngige filtritega, \u00e4hmastage kaamerat p\u00f5hjusega v\u00f5i proovige lihtsalt \u201emitte midagi pildistada\u201c.<\/p>\n<p>Street Photography Challenge on 50-st kaardist koosnev komplekt, mis annab innukatele fotograafidele lihtsa \u00fcleskutse v\u00f5i idee, kuidas teha suurep\u00e4raseid pilte igap\u00e4evases keskkonnas. Inspireeri pakkuva pildi n\u00e4gemiseks keerake kaart \u00fcmber ja kui vajate rohkem informatsiooni, vaadake karpi lisatud bro\u0161\u00fc\u00fcri. Komplektis on ka 10 boonuskaarti inspireerivate tsitaatide ja n\u00f5uannetega m\u00f5nelt t\u00e4navafotograafia legendilt Daido Moriyamast kuni Joel Meyerowitzini. Unustage objektiivid ja s\u00e4riajad - v\u00f5tke lihtsalt kaamera v\u00f5i telefon, t\u00f5mmake pakist kaart ja minge v\u00e4lja pidistama!<\/p>\n","protected":false},"excerpt":{"rendered":"<p>Pildistage peegeldust, m\u00e4ngige filtritega, \u00e4hmastage kaamerat p\u00f5hjusega v\u00f5i proovige lihtsalt \u201emitte midagi pildistada\u201c. Street Photography Challenge on 50-st kaardist koosnev komplekt, mis annab innukatele fotograafidele lihtsa \u00fcleskutse v\u00f5i idee, kuidas teha suurep\u00e4raseid pilte igap\u00e4evases keskkonnas. Inspireeri pakkuva pildi n\u00e4gemiseks keerake kaart \u00fcmber ja kui vajate rohkem informatsiooni, vaadake karpi lisatud bro\u0161\u00fc\u00fcri. Komplektis on ka 10 [&hellip;]<\/p>\n","protected":false},"featured_media":29130,"template":"","meta":{"_acf_changed":false,"inline_featured_image":false},"product_brand":[],"product_cat":[378,398],"product_tag":[],"class_list":{"0":"post-29129","1":"product","2":"type-product","3":"status-publish","4":"has-post-thumbnail","6":"product_cat-kingid","7":"product_cat-kureeritud-kingiideed","9":"first","10":"outofstock","11":"taxable","12":"shipping-taxable","13":"purchasable","14":"product-type-simple"},"acf":[],"_links":{"self":[{"href":"https:\/\/fotografiska.ee\/epood\/wp-json\/wp\/v2\/product\/29129","targetHints":{"allow":["GET"]}}],"collection":[{"href":"https:\/\/fotografiska.ee\/epood\/wp-json\/wp\/v2\/product"}],"about":[{"href":"https:\/\/fotografiska.ee\/epood\/wp-json\/wp\/v2\/types\/product"}],"wp:featuredmedia":[{"embeddable":true,"href":"https:\/\/fotografiska.ee\/epood\/wp-json\/wp\/v2\/media\/29130"}],"wp:attachment":[{"href":"https:\/\/fotografiska.ee\/epood\/wp-json\/wp\/v2\/media?parent=29129"}],"wp:term":[{"taxonomy":"product_brand","embeddable":true,"href":"https:\/\/fotografiska.ee\/epood\/wp-json\/wp\/v2\/product_brand?post=29129"},{"taxonomy":"product_cat","embeddable":true,"href":"https:\/\/fotografiska.ee\/epood\/wp-json\/wp\/v2\/product_cat?post=29129"},{"taxonomy":"product_tag","embeddable":true,"href":"https:\/\/fotografiska.ee\/epood\/wp-json\/wp\/v2\/product_tag?post=29129"}],"curies":[{"name":"wp","href":"https:\/\/api.w.org\/{rel}","templated":true}]}}