{"id":29107,"date":"2024-12-01T11:08:15","date_gmt":"2024-12-01T09:08:15","guid":{"rendered":"https:\/\/fotografiska.ee\/epood\/?post_type=product&#038;p=29107"},"modified":"2025-12-17T11:50:55","modified_gmt":"2025-12-17T08:50:55","slug":"valjaspool-disaini","status":"publish","type":"product","link":"https:\/\/fotografiska.ee\/epood\/product\/valjaspool-disaini\/","title":{"rendered":"Beyond design"},"content":{"rendered":"<p>Sotsiaalsete lahenduste m\u00e4ng<br \/>\nSelle m\u00e4ngu abil saad kiiresti ja l\u00f5busalt \u00fclevaate sellest, kuidas luua, esitada ja hinnata sotsiaalseid disainilahendusi.<\/p>\n<ul>\n<li>Ideaalne vahend ideede genereerimiseks, ajur\u00fcnnakuks ja meeskonnat\u00fc\u00fcks. Beyond Design The Game aitab v\u00f5imendada teie aktiivse m\u00f5tlemise oskust ja aitab teil kiiresti ideid genereerida, t\u00f6\u00f6tades koost\u00f6\u00f6na.<\/li>\n<li>Leia olemasolevatest ideedest uus inspiratsioon ja uuri erinevaid v\u00f5imalusi selle ellu viimiseks. \u00d5ppige kiiresti looma uuenduslikke lahendusi keerulistele sotsiaalsetele probleemidele.<\/li>\n<li>Paranda enesekindlust oma ideede esitamisel. M\u00e4ng pakub k\u00f5igile toetavat keskkonda, et harjutada ning saada oma ideedega inimeste kaasamisel paremaks. Harjutamine teeb meistriks.<\/li>\n<li>Sobib ideaalselt klassiruumidesse, t\u00f6\u00f6tubadesse ja r\u00fchmades t\u00f6\u00f6tamiseks.\u00a0 Kasutage m\u00e4ngu interaktiivse \u00f5ppevahendina \u00f5pilastele v\u00f5i korraldage oma meeskonnale t\u00f6\u00f6tuba.<\/li>\n<\/ul>\n<p>Beyond Design m\u00e4ng on ideaalne grupitegevus noorukitele, t\u00e4iskasvanutele ja lastele vanuses 12+<\/p>\n","protected":false},"excerpt":{"rendered":"<p>Sotsiaalsete lahenduste m\u00e4ng Selle m\u00e4ngu abil saad kiiresti ja l\u00f5busalt \u00fclevaate sellest, kuidas luua, esitada ja hinnata sotsiaalseid disainilahendusi. Ideaalne vahend ideede genereerimiseks, ajur\u00fcnnakuks ja meeskonnat\u00fc\u00fcks. Beyond Design The Game aitab v\u00f5imendada teie aktiivse m\u00f5tlemise oskust ja aitab teil kiiresti ideid genereerida, t\u00f6\u00f6tades koost\u00f6\u00f6na. Leia olemasolevatest ideedest uus inspiratsioon ja uuri erinevaid v\u00f5imalusi selle ellu [&hellip;]<\/p>\n","protected":false},"featured_media":29108,"template":"","meta":{"_acf_changed":false,"inline_featured_image":false},"product_brand":[],"product_cat":[378,398],"product_tag":[],"class_list":{"0":"post-29107","1":"product","2":"type-product","3":"status-publish","4":"has-post-thumbnail","6":"product_cat-kingid","7":"product_cat-kureeritud-kingiideed","9":"first","10":"outofstock","11":"taxable","12":"shipping-taxable","13":"purchasable","14":"product-type-simple"},"acf":[],"_links":{"self":[{"href":"https:\/\/fotografiska.ee\/epood\/wp-json\/wp\/v2\/product\/29107","targetHints":{"allow":["GET"]}}],"collection":[{"href":"https:\/\/fotografiska.ee\/epood\/wp-json\/wp\/v2\/product"}],"about":[{"href":"https:\/\/fotografiska.ee\/epood\/wp-json\/wp\/v2\/types\/product"}],"wp:featuredmedia":[{"embeddable":true,"href":"https:\/\/fotografiska.ee\/epood\/wp-json\/wp\/v2\/media\/29108"}],"wp:attachment":[{"href":"https:\/\/fotografiska.ee\/epood\/wp-json\/wp\/v2\/media?parent=29107"}],"wp:term":[{"taxonomy":"product_brand","embeddable":true,"href":"https:\/\/fotografiska.ee\/epood\/wp-json\/wp\/v2\/product_brand?post=29107"},{"taxonomy":"product_cat","embeddable":true,"href":"https:\/\/fotografiska.ee\/epood\/wp-json\/wp\/v2\/product_cat?post=29107"},{"taxonomy":"product_tag","embeddable":true,"href":"https:\/\/fotografiska.ee\/epood\/wp-json\/wp\/v2\/product_tag?post=29107"}],"curies":[{"name":"wp","href":"https:\/\/api.w.org\/{rel}","templated":true}]}}