{"id":29104,"date":"2024-11-29T18:45:34","date_gmt":"2024-11-29T17:38:04","guid":{"rendered":"https:\/\/fotografiska.ee\/epood\/?post_type=product&#038;p=29104"},"modified":"2024-12-09T13:45:35","modified_gmt":"2024-12-09T11:45:35","slug":"fotograafiline-malumang","status":"publish","type":"product","link":"https:\/\/fotografiska.ee\/epood\/product\/fotograafiline-malumang\/","title":{"rendered":"Photographic memory"},"content":{"rendered":"<p>Kas oled kunagi soovinud, et sul oleks fotograafiline m\u00e4lu? Ainulaadne uus m\u00e4lum\u00e4ng, mis sisaldab 25 maailmakuulsa fotograafi Anna Atkinsist kuni Martin Parrini. See on ideaalne kingitus foto- ja kunstif\u00e4nnidele, kes soovivad ernivate uute ja vanade fotograafide loomingut l\u00e4hemalt tundma \u00f5ppida.<br \/>\nSega ja sobita pilte ja loo huvitavaid kompositsioone.<br \/>\nKombineeri erinevaid pilte, et luua jutustav visioon.<br \/>\nT\u00f6\u00f6tage meeskonnana, et paigutada fotod kronoloogilisse j\u00e4rjekorda.<\/p>\n<p>Sisaldab 50 kaarti ehk 25 piltide paari ning \u00f5hulist raamatut, milles on infot ja teadmisi k\u00f5igi fotograafide kohta.<\/p>\n","protected":false},"excerpt":{"rendered":"<p>Kas oled kunagi soovinud, et sul oleks fotograafiline m\u00e4lu? Ainulaadne uus m\u00e4lum\u00e4ng, mis sisaldab 25 maailmakuulsa fotograafi Anna Atkinsist kuni Martin Parrini. See on ideaalne kingitus foto- ja kunstif\u00e4nnidele, kes soovivad ernivate uute ja vanade fotograafide loomingut l\u00e4hemalt tundma \u00f5ppida. Sega ja sobita pilte ja loo huvitavaid kompositsioone. Kombineeri erinevaid pilte, et luua jutustav visioon. [&hellip;]<\/p>\n","protected":false},"featured_media":29102,"template":"","meta":{"_acf_changed":false,"inline_featured_image":false},"product_brand":[],"product_cat":[378],"product_tag":[],"class_list":{"0":"post-29104","1":"product","2":"type-product","3":"status-publish","4":"has-post-thumbnail","6":"product_cat-kingid","8":"first","9":"instock","10":"taxable","11":"shipping-taxable","12":"purchasable","13":"product-type-simple"},"acf":[],"_links":{"self":[{"href":"https:\/\/fotografiska.ee\/epood\/wp-json\/wp\/v2\/product\/29104","targetHints":{"allow":["GET"]}}],"collection":[{"href":"https:\/\/fotografiska.ee\/epood\/wp-json\/wp\/v2\/product"}],"about":[{"href":"https:\/\/fotografiska.ee\/epood\/wp-json\/wp\/v2\/types\/product"}],"wp:featuredmedia":[{"embeddable":true,"href":"https:\/\/fotografiska.ee\/epood\/wp-json\/wp\/v2\/media\/29102"}],"wp:attachment":[{"href":"https:\/\/fotografiska.ee\/epood\/wp-json\/wp\/v2\/media?parent=29104"}],"wp:term":[{"taxonomy":"product_brand","embeddable":true,"href":"https:\/\/fotografiska.ee\/epood\/wp-json\/wp\/v2\/product_brand?post=29104"},{"taxonomy":"product_cat","embeddable":true,"href":"https:\/\/fotografiska.ee\/epood\/wp-json\/wp\/v2\/product_cat?post=29104"},{"taxonomy":"product_tag","embeddable":true,"href":"https:\/\/fotografiska.ee\/epood\/wp-json\/wp\/v2\/product_tag?post=29104"}],"curies":[{"name":"wp","href":"https:\/\/api.w.org\/{rel}","templated":true}]}}