{"id":29064,"date":"2024-11-28T17:57:54","date_gmt":"2024-11-28T16:32:09","guid":{"rendered":"https:\/\/fotografiska.ee\/epood\/?post_type=product&#038;p=29064"},"modified":"2025-12-17T11:58:18","modified_gmt":"2025-12-17T08:58:18","slug":"genius-muusika-mangukaardid","status":"publish","type":"product","link":"https:\/\/fotografiska.ee\/epood\/product\/genius-muusika-mangukaardid\/","title":{"rendered":"Genius muusika m\u00e4ngukaardid"},"content":{"rendered":"<p><span class=\"Y2IQFc\" lang=\"et\">Music Genius m\u00e4ngukaartide abil toome teie kaardim\u00e4ngudesse ilu ja avastamist maailma 54 k\u00f5ige m\u00f5jukama talendiga, kes on paigutatud nelja masti: \u00e4<\/span><span class=\"Y2IQFc\" lang=\"et\">rtu -popmuusika; poti\u00a0: rock n' roll; <\/span><span class=\"Y2IQFc\" lang=\"et\">ruutu<\/span><span class=\"Y2IQFc\" lang=\"et\"> - folk- ja kantimuusika ja risti\u00a0- soul, bluus ja R&amp;B<\/span><span class=\"Y2IQFc\" lang=\"et\">.<\/span><\/p>\n<p>M\u00e4ngukaardipakk sisaldab 52 m\u00e4ngukaarti, millel on k\u00f5igi suurte nimede illustratsioonid - sealhulgas Madonna ja Prince popi, Kurt Cobain ja Jimi Hendrix roki, Johnny Cash ja Bob Dylan folki ning Nina Simone ja Amy Winehouse bluusi valdkonnas ning kaks jokkerit Bj\u00f6rk ja David Bowie.<\/p>\n","protected":false},"excerpt":{"rendered":"<p>Music Genius m\u00e4ngukaartide abil toome teie kaardim\u00e4ngudesse ilu ja avastamist maailma 54 k\u00f5ige m\u00f5jukama talendiga, kes on paigutatud nelja masti: \u00e4rtu -popmuusika; poti\u00a0: rock n' roll; ruutu - folk- ja kantimuusika ja risti\u00a0- soul, bluus ja R&amp;B. M\u00e4ngukaardipakk sisaldab 52 m\u00e4ngukaarti, millel on k\u00f5igi suurte nimede illustratsioonid - sealhulgas Madonna ja Prince popi, Kurt Cobain [&hellip;]<\/p>\n","protected":false},"featured_media":29063,"template":"","meta":{"_acf_changed":false,"inline_featured_image":false},"product_brand":[],"product_cat":[378],"product_tag":[],"class_list":{"0":"post-29064","1":"product","2":"type-product","3":"status-publish","4":"has-post-thumbnail","6":"product_cat-kingid","8":"first","9":"instock","10":"taxable","11":"shipping-taxable","12":"purchasable","13":"product-type-simple"},"acf":[],"_links":{"self":[{"href":"https:\/\/fotografiska.ee\/epood\/wp-json\/wp\/v2\/product\/29064","targetHints":{"allow":["GET"]}}],"collection":[{"href":"https:\/\/fotografiska.ee\/epood\/wp-json\/wp\/v2\/product"}],"about":[{"href":"https:\/\/fotografiska.ee\/epood\/wp-json\/wp\/v2\/types\/product"}],"wp:featuredmedia":[{"embeddable":true,"href":"https:\/\/fotografiska.ee\/epood\/wp-json\/wp\/v2\/media\/29063"}],"wp:attachment":[{"href":"https:\/\/fotografiska.ee\/epood\/wp-json\/wp\/v2\/media?parent=29064"}],"wp:term":[{"taxonomy":"product_brand","embeddable":true,"href":"https:\/\/fotografiska.ee\/epood\/wp-json\/wp\/v2\/product_brand?post=29064"},{"taxonomy":"product_cat","embeddable":true,"href":"https:\/\/fotografiska.ee\/epood\/wp-json\/wp\/v2\/product_cat?post=29064"},{"taxonomy":"product_tag","embeddable":true,"href":"https:\/\/fotografiska.ee\/epood\/wp-json\/wp\/v2\/product_tag?post=29064"}],"curies":[{"name":"wp","href":"https:\/\/api.w.org\/{rel}","templated":true}]}}