{"id":29049,"date":"2024-11-28T14:10:52","date_gmt":"2024-11-28T12:10:52","guid":{"rendered":"https:\/\/fotografiska.ee\/epood\/?post_type=product&#038;p=29049"},"modified":"2025-12-17T12:00:04","modified_gmt":"2025-12-17T09:00:04","slug":"drag-match-malumang","status":"publish","type":"product","link":"https:\/\/fotografiska.ee\/epood\/product\/drag-match-malumang\/","title":{"rendered":"Drag match"},"content":{"rendered":"<p>BESTSELLER - m\u00e4lum\u00e4ng ilusate fotodega drag queenidest, mille on teinud kuulus fotograaf Gerrard Gethings.<br \/>\nTunne \u00e4ra sarnasused inimeste ja nende drag-persoonade vahel - \u00fchenda igap\u00e4evased n\u00e4od nende vapustavalt konstrueeritud tegelaskujudega. M\u00e4ngu jooksul saate n\u00e4ha ja imetleda drag queenide uskumatut oskust transformeeruda koos pilkup\u00fc\u00fcdvate enne\/p\u00e4rast fotodega.<br \/>\nKarp kaardidega sisaldab 25 artisti enne ja p\u00e4rast kokku 50 kaardil, mis on pakitud stiilsesse fooliumkarbi. Sisaldab \u00f5hukest raamatut, milles on huvitavaid fakte iga artisti kohta.<\/p>\n","protected":false},"excerpt":{"rendered":"<p>BESTSELLER - m\u00e4lum\u00e4ng ilusate fotodega drag queenidest, mille on teinud kuulus fotograaf Gerrard Gethings. Tunne \u00e4ra sarnasused inimeste ja nende drag-persoonade vahel - \u00fchenda igap\u00e4evased n\u00e4od nende vapustavalt konstrueeritud tegelaskujudega. M\u00e4ngu jooksul saate n\u00e4ha ja imetleda drag queenide uskumatut oskust transformeeruda koos pilkup\u00fc\u00fcdvate enne\/p\u00e4rast fotodega. Karp kaardidega sisaldab 25 artisti enne ja p\u00e4rast kokku 50 [&hellip;]<\/p>\n","protected":false},"featured_media":29050,"template":"","meta":{"_acf_changed":false,"inline_featured_image":false},"product_brand":[],"product_cat":[378,398],"product_tag":[],"class_list":{"0":"post-29049","1":"product","2":"type-product","3":"status-publish","4":"has-post-thumbnail","6":"product_cat-kingid","7":"product_cat-kureeritud-kingiideed","9":"first","10":"outofstock","11":"taxable","12":"shipping-taxable","13":"purchasable","14":"product-type-simple"},"acf":[],"_links":{"self":[{"href":"https:\/\/fotografiska.ee\/epood\/wp-json\/wp\/v2\/product\/29049","targetHints":{"allow":["GET"]}}],"collection":[{"href":"https:\/\/fotografiska.ee\/epood\/wp-json\/wp\/v2\/product"}],"about":[{"href":"https:\/\/fotografiska.ee\/epood\/wp-json\/wp\/v2\/types\/product"}],"wp:featuredmedia":[{"embeddable":true,"href":"https:\/\/fotografiska.ee\/epood\/wp-json\/wp\/v2\/media\/29050"}],"wp:attachment":[{"href":"https:\/\/fotografiska.ee\/epood\/wp-json\/wp\/v2\/media?parent=29049"}],"wp:term":[{"taxonomy":"product_brand","embeddable":true,"href":"https:\/\/fotografiska.ee\/epood\/wp-json\/wp\/v2\/product_brand?post=29049"},{"taxonomy":"product_cat","embeddable":true,"href":"https:\/\/fotografiska.ee\/epood\/wp-json\/wp\/v2\/product_cat?post=29049"},{"taxonomy":"product_tag","embeddable":true,"href":"https:\/\/fotografiska.ee\/epood\/wp-json\/wp\/v2\/product_tag?post=29049"}],"curies":[{"name":"wp","href":"https:\/\/api.w.org\/{rel}","templated":true}]}}