{"id":29022,"date":"2024-11-27T14:21:53","date_gmt":"2024-11-27T12:21:53","guid":{"rendered":"https:\/\/fotografiska.ee\/epood\/?post_type=product&#038;p=29022"},"modified":"2025-12-17T12:01:37","modified_gmt":"2025-12-17T09:01:37","slug":"200-kusimust-iseendale","status":"publish","type":"product","link":"https:\/\/fotografiska.ee\/epood\/product\/200-kusimust-iseendale\/","title":{"rendered":"200 k\u00fcsimust iseendale"},"content":{"rendered":"<p>Luksuslik karp 200 k\u00fcsimusega, mis on m\u00f5eldud selleks, et panna inimest s\u00fcgavamalt m\u00f5tlema erinevatele asjadele oma elus; karj\u00e4\u00e4r, perekond, \u00f5nn, s\u00f5prus, eesm\u00e4rgid, ambitsioonid, minevik, olevik, tulevik ja palju muud.<\/p>\n<p>Kasutage neid ise m\u00f5tisklemiseks, isiklikuks arenguks, juhendamiseks v\u00f5i meditatsiooniks.<\/p>\n<p>Kasutage neid grupis, et tekitada s\u00fcgavamaid sisukaid vestlusi, sidemeid ja m\u00f5nikord ka suuri naeru.<\/p>\n<p>Kasutage neid oma suhetes. Kaartide v\u00f5lu seisneb selles, et neid k\u00fcsimusi v\u00f5ib olla ise palju raskem v\u00e4lja m\u00f5elda ja k\u00fcsida oma partnerilt. Kaardid muudavad vestluse lihtsamaks ja toovad teid \u00fcksteisele l\u00e4hemale ja tugevdavad teie suhet.<\/p>\n<p>&nbsp;<\/p>\n","protected":false},"excerpt":{"rendered":"<p>Luksuslik karp 200 k\u00fcsimusega, mis on m\u00f5eldud selleks, et panna inimest s\u00fcgavamalt m\u00f5tlema erinevatele asjadele oma elus; karj\u00e4\u00e4r, perekond, \u00f5nn, s\u00f5prus, eesm\u00e4rgid, ambitsioonid, minevik, olevik, tulevik ja palju muud. Kasutage neid ise m\u00f5tisklemiseks, isiklikuks arenguks, juhendamiseks v\u00f5i meditatsiooniks. Kasutage neid grupis, et tekitada s\u00fcgavamaid sisukaid vestlusi, sidemeid ja m\u00f5nikord ka suuri naeru. Kasutage neid oma [&hellip;]<\/p>\n","protected":false},"featured_media":29025,"template":"","meta":{"_acf_changed":false,"inline_featured_image":false},"product_brand":[],"product_cat":[378,398],"product_tag":[],"class_list":{"0":"post-29022","1":"product","2":"type-product","3":"status-publish","4":"has-post-thumbnail","6":"product_cat-kingid","7":"product_cat-kureeritud-kingiideed","9":"first","10":"instock","11":"taxable","12":"shipping-taxable","13":"purchasable","14":"product-type-simple"},"acf":[],"_links":{"self":[{"href":"https:\/\/fotografiska.ee\/epood\/wp-json\/wp\/v2\/product\/29022","targetHints":{"allow":["GET"]}}],"collection":[{"href":"https:\/\/fotografiska.ee\/epood\/wp-json\/wp\/v2\/product"}],"about":[{"href":"https:\/\/fotografiska.ee\/epood\/wp-json\/wp\/v2\/types\/product"}],"wp:featuredmedia":[{"embeddable":true,"href":"https:\/\/fotografiska.ee\/epood\/wp-json\/wp\/v2\/media\/29025"}],"wp:attachment":[{"href":"https:\/\/fotografiska.ee\/epood\/wp-json\/wp\/v2\/media?parent=29022"}],"wp:term":[{"taxonomy":"product_brand","embeddable":true,"href":"https:\/\/fotografiska.ee\/epood\/wp-json\/wp\/v2\/product_brand?post=29022"},{"taxonomy":"product_cat","embeddable":true,"href":"https:\/\/fotografiska.ee\/epood\/wp-json\/wp\/v2\/product_cat?post=29022"},{"taxonomy":"product_tag","embeddable":true,"href":"https:\/\/fotografiska.ee\/epood\/wp-json\/wp\/v2\/product_tag?post=29022"}],"curies":[{"name":"wp","href":"https:\/\/api.w.org\/{rel}","templated":true}]}}