{"id":28228,"date":"2024-02-08T11:31:06","date_gmt":"2024-02-08T09:31:06","guid":{"rendered":"https:\/\/www.fotografiska.ee\/epood\/?post_type=product&#038;p=28228"},"modified":"2024-06-03T17:50:17","modified_gmt":"2024-06-03T15:50:17","slug":"peter-lindbergh-azzedine-alaia","status":"publish","type":"product","link":"https:\/\/fotografiska.ee\/epood\/product\/peter-lindbergh-azzedine-alaia\/","title":{"rendered":"Peter Lindbergh, Azzedine Ala\u00efa"},"content":{"rendered":"<p>Peter Lindberghi ja Azzedine Ala\u00efat, fotograafi ja moekunstnikku, \u00fchendas armastus musta v\u00e4rvi vastu, mida nad viljelesid nii h\u00f5bedase tr\u00fckiga kui ka \u00fchev\u00e4rvilistes r\u00f5ivastes.<\/p>\n<p>Peter Lindbergh (1944-2019) oli oma ala meister, kes j\u00e4ttis oma j\u00e4lje fotograafia ajaloo saalidesse, n\u00e4iteks pildistades peatoimetaja Anna Wintouri k\u00e4e all esimest Ameerika Vogue'i kaanepilti, mis t\u00f5i esimest korda kokku r\u00fchma noori naisi, kellest said 90ndate supermodellid. Tema t\u00f6id on eksponeeritud isikun\u00e4itustel Hamburger Bahnhofis, Berliini kaasaegse kunsti muuseumis, Bunkamura kunstimuuseumis Tokyos, Pu\u0161kini kunstimuuseumis Moskvas ja Kunstpalastis D\u00fcsseldorfis.<\/p>\n<p>&nbsp;<\/p>\n","protected":false},"excerpt":{"rendered":"<p>Peter Lindberghi ja Azzedine Ala\u00efat, fotograafi ja moekunstnikku, \u00fchendas armastus musta v\u00e4rvi vastu, mida nad viljelesid nii h\u00f5bedase tr\u00fckiga kui ka \u00fchev\u00e4rvilistes r\u00f5ivastes. Peter Lindbergh (1944-2019) oli oma ala meister, kes j\u00e4ttis oma j\u00e4lje fotograafia ajaloo saalidesse, n\u00e4iteks pildistades peatoimetaja Anna Wintouri k\u00e4e all esimest Ameerika Vogue'i kaanepilti, mis t\u00f5i esimest korda kokku r\u00fchma noori [&hellip;]<\/p>\n","protected":false},"featured_media":28229,"template":"","meta":{"_acf_changed":false,"inline_featured_image":false},"product_brand":[],"product_cat":[20,337],"product_tag":[],"class_list":{"0":"post-28228","1":"product","2":"type-product","3":"status-publish","4":"has-post-thumbnail","6":"product_cat-raamatud","7":"product_cat-maailma-tippfotograafia","9":"first","10":"instock","11":"taxable","12":"shipping-taxable","13":"purchasable","14":"product-type-simple"},"acf":[],"_links":{"self":[{"href":"https:\/\/fotografiska.ee\/epood\/wp-json\/wp\/v2\/product\/28228","targetHints":{"allow":["GET"]}}],"collection":[{"href":"https:\/\/fotografiska.ee\/epood\/wp-json\/wp\/v2\/product"}],"about":[{"href":"https:\/\/fotografiska.ee\/epood\/wp-json\/wp\/v2\/types\/product"}],"wp:featuredmedia":[{"embeddable":true,"href":"https:\/\/fotografiska.ee\/epood\/wp-json\/wp\/v2\/media\/28229"}],"wp:attachment":[{"href":"https:\/\/fotografiska.ee\/epood\/wp-json\/wp\/v2\/media?parent=28228"}],"wp:term":[{"taxonomy":"product_brand","embeddable":true,"href":"https:\/\/fotografiska.ee\/epood\/wp-json\/wp\/v2\/product_brand?post=28228"},{"taxonomy":"product_cat","embeddable":true,"href":"https:\/\/fotografiska.ee\/epood\/wp-json\/wp\/v2\/product_cat?post=28228"},{"taxonomy":"product_tag","embeddable":true,"href":"https:\/\/fotografiska.ee\/epood\/wp-json\/wp\/v2\/product_tag?post=28228"}],"curies":[{"name":"wp","href":"https:\/\/api.w.org\/{rel}","templated":true}]}}