{"id":27833,"date":"2023-11-28T10:57:40","date_gmt":"2023-11-28T08:57:40","guid":{"rendered":"https:\/\/www.fotografiska.ee\/epood\/?post_type=product&#038;p=27833"},"modified":"2024-04-29T14:50:22","modified_gmt":"2024-04-29T12:50:22","slug":"elizaveta-porodina-un-masked","status":"publish","type":"product","link":"https:\/\/www.fotografiska.ee\/epood\/product\/elizaveta-porodina-un-masked\/","title":{"rendered":"Elizaveta Porodina: Un\/Masked"},"content":{"rendered":"","protected":false},"excerpt":{"rendered":"<p>Vene-saksa fotograafi Elizaveta Porodina pildirepertuaar koosnes lapsep\u00f5lves peamiselt Moskva brutalistlikest hoonetest ja kunstist, mida ema talle kodus tutvustas. Need pildid koondusid ja j\u00e4id tema alateadvusse, tekitades temas p\u00fcsiva v\u00f5lu tumedalt romantilise esteetika vastu. Porodina hilisem \u00fcleminek kliinilisest ps\u00fchholoogist fotograafiks oli intuitiivne; m\u00f5lemad valdkonnad h\u00f5lmavad p\u00fchendumist emotsionaalse k\u00e4itumise m\u00f5istmisele. Pigem n\u00e4itamise kui jutustamise kaudu pakkus fotograafia Porodinale veel \u00fche tee alateadvuse juurde.<\/p>\n<p>Un\/Masked on kunstniku esimene raamat, mille teksti on koostanud kunstiline juht ja toimetaja Fabien Baron. Porodina eksperimentaalse moe- ja kunstifotograafia ulatuslik valik n\u00e4itab tema kummalist v\u00f5imet tuua v\u00e4lja tema lummavate lavastuste aluseks olevad emotsioonid. Ta m\u00e4ngib melanhoolse s\u00fcmboolikaga, luues filmi- ja dokumentaalfilmi stiilis piltide abil m\u00f5nikord mitmet\u00e4henduslikke, teinekord aga selgeid assotsiatsioone. Olgu tegemist siis dramaatiliste mustvalgete v\u00f5i eredav\u00e4rviliste t\u00f6\u00f6dega, fotograaf \"paljastab\" oma subjektid - s.t. iseennast - ikka ja j\u00e4lle dramaatiliselt.<\/p>\n","protected":false},"featured_media":27832,"template":"","meta":{"_acf_changed":false,"inline_featured_image":false},"product_brand":[],"product_cat":[20,339],"product_tag":[],"class_list":{"0":"post-27833","1":"product","2":"type-product","3":"status-publish","4":"has-post-thumbnail","6":"product_cat-raamatud","7":"product_cat-moodunud-naitused","9":"first","10":"instock","11":"taxable","12":"shipping-taxable","13":"purchasable","14":"product-type-simple"},"acf":[],"_links":{"self":[{"href":"https:\/\/www.fotografiska.ee\/epood\/wp-json\/wp\/v2\/product\/27833","targetHints":{"allow":["GET"]}}],"collection":[{"href":"https:\/\/www.fotografiska.ee\/epood\/wp-json\/wp\/v2\/product"}],"about":[{"href":"https:\/\/www.fotografiska.ee\/epood\/wp-json\/wp\/v2\/types\/product"}],"wp:featuredmedia":[{"embeddable":true,"href":"https:\/\/www.fotografiska.ee\/epood\/wp-json\/wp\/v2\/media\/27832"}],"wp:attachment":[{"href":"https:\/\/www.fotografiska.ee\/epood\/wp-json\/wp\/v2\/media?parent=27833"}],"wp:term":[{"taxonomy":"product_brand","embeddable":true,"href":"https:\/\/www.fotografiska.ee\/epood\/wp-json\/wp\/v2\/product_brand?post=27833"},{"taxonomy":"product_cat","embeddable":true,"href":"https:\/\/www.fotografiska.ee\/epood\/wp-json\/wp\/v2\/product_cat?post=27833"},{"taxonomy":"product_tag","embeddable":true,"href":"https:\/\/www.fotografiska.ee\/epood\/wp-json\/wp\/v2\/product_tag?post=27833"}],"curies":[{"name":"wp","href":"https:\/\/api.w.org\/{rel}","templated":true}]}}