{"id":27719,"date":"2023-10-21T13:59:54","date_gmt":"2023-10-21T11:59:54","guid":{"rendered":"https:\/\/www.fotografiska.ee\/epood\/?post_type=product&#038;p=27719"},"modified":"2025-02-13T11:36:42","modified_gmt":"2025-02-13T09:36:42","slug":"roger-ballen-show-off-7070","status":"publish","type":"product","link":"https:\/\/fotografiska.ee\/epood\/product\/roger-ballen-show-off-7070\/","title":{"rendered":"Roger Ballen, Show Off #7070"},"content":{"rendered":"","protected":false},"excerpt":{"rendered":"<p>Roger Ballen on \u00fcle 40 aasta kasutanud karmi mustvalgeid, s\u00fcgavalt eksistentsiaalseid fotosid, et kujutada reaalsust, kus inimesed ja loomad on l\u00f5ksus arusaamatus ja ebaloogilises maailmas - absurditeatris. Roger Ballen n\u00e4eb oma kunstnikutegevust kui enesem\u00e4\u00e4ratluse harjutust. Fotografiska n\u00e4itusel on \u00fcle 100 t\u00f6\u00f6 1970. aastatest kuni t\u00e4nap\u00e4evani. Roger Balleni fotod kujutavad traagilist reaalsust, millel puuduvad ideaalid, puhtus ja eesm\u00e4rk, kus asjaosaliste tegevus tundub asjatu ja absurdne. See maailm on esitatud fotodel, mis ei ole ainult ilusad. Inimlik kom\u00f6\u00f6dia on tema piltidel alati olemas. Balleni pildimaterjal v\u00f5ib muuta meie arusaama nii inimkonnast kui ka fotograafiast.<br \/>\nSuurus: 50 x 70 cm<\/p>\n","protected":false},"featured_media":27720,"template":"","meta":{"_acf_changed":false,"inline_featured_image":false},"product_brand":[],"product_cat":[16],"product_tag":[],"class_list":{"0":"post-27719","1":"product","2":"type-product","3":"status-publish","4":"has-post-thumbnail","6":"product_cat-postrid","8":"first","9":"instock","10":"taxable","11":"shipping-taxable","12":"purchasable","13":"product-type-simple"},"acf":[],"_links":{"self":[{"href":"https:\/\/fotografiska.ee\/epood\/wp-json\/wp\/v2\/product\/27719","targetHints":{"allow":["GET"]}}],"collection":[{"href":"https:\/\/fotografiska.ee\/epood\/wp-json\/wp\/v2\/product"}],"about":[{"href":"https:\/\/fotografiska.ee\/epood\/wp-json\/wp\/v2\/types\/product"}],"wp:featuredmedia":[{"embeddable":true,"href":"https:\/\/fotografiska.ee\/epood\/wp-json\/wp\/v2\/media\/27720"}],"wp:attachment":[{"href":"https:\/\/fotografiska.ee\/epood\/wp-json\/wp\/v2\/media?parent=27719"}],"wp:term":[{"taxonomy":"product_brand","embeddable":true,"href":"https:\/\/fotografiska.ee\/epood\/wp-json\/wp\/v2\/product_brand?post=27719"},{"taxonomy":"product_cat","embeddable":true,"href":"https:\/\/fotografiska.ee\/epood\/wp-json\/wp\/v2\/product_cat?post=27719"},{"taxonomy":"product_tag","embeddable":true,"href":"https:\/\/fotografiska.ee\/epood\/wp-json\/wp\/v2\/product_tag?post=27719"}],"curies":[{"name":"wp","href":"https:\/\/api.w.org\/{rel}","templated":true}]}}