{"id":27674,"date":"2023-10-10T13:08:31","date_gmt":"2023-10-10T11:08:31","guid":{"rendered":"https:\/\/www.fotografiska.ee\/epood\/?post_type=product&#038;p=27674"},"modified":"2024-03-19T12:47:41","modified_gmt":"2024-03-19T10:47:41","slug":"eesti-labi-100-silmapaari","status":"publish","type":"product","link":"https:\/\/fotografiska.ee\/epood\/product\/eesti-labi-100-silmapaari\/","title":{"rendered":"Eesti l\u00e4bi 100 silmapaari"},"content":{"rendered":"","protected":false},"excerpt":{"rendered":"<p>Raamat valmis spetsiaalselt Eesti Vabariigi sajandaks juubeliks. See on pildiline Eesti lugu, mida jutustab sada eestlast ja eestimeelset inimest l\u00e4bi oma silmade ja tundmuste. K\u00f5ige vanem portreteeritu, saja-aastane Linda Erika, on s\u00fcndinud samal aastal kui Eesti Vabariik. K\u00f5ige noorem, Jako, s\u00fcndis 2017. aastal 24. veebruaril esimese lapsena Eestis.<\/p>\n<p>Idee autor ja kunstiline juht, kujundus: Kaire van der Toorn-Guthan \/ Portreefotode teostus, kaasautor: Toomas Volkmann \/ Eesti-meeleolude fotod: T\u00f5nu Tunnel, T\u00f5nu Runnel<br \/>\nTekstid: Tiiu Suvi, Piret Jaaks, Mirjam Matiisen, Helina Piip<\/p>\n","protected":false},"featured_media":27675,"template":"","meta":{"_acf_changed":false,"inline_featured_image":false},"product_brand":[],"product_cat":[20],"product_tag":[],"class_list":{"0":"post-27674","1":"product","2":"type-product","3":"status-publish","4":"has-post-thumbnail","6":"product_cat-raamatud","8":"first","9":"instock","10":"taxable","11":"shipping-taxable","12":"purchasable","13":"product-type-simple"},"acf":[],"_links":{"self":[{"href":"https:\/\/fotografiska.ee\/epood\/wp-json\/wp\/v2\/product\/27674","targetHints":{"allow":["GET"]}}],"collection":[{"href":"https:\/\/fotografiska.ee\/epood\/wp-json\/wp\/v2\/product"}],"about":[{"href":"https:\/\/fotografiska.ee\/epood\/wp-json\/wp\/v2\/types\/product"}],"wp:featuredmedia":[{"embeddable":true,"href":"https:\/\/fotografiska.ee\/epood\/wp-json\/wp\/v2\/media\/27675"}],"wp:attachment":[{"href":"https:\/\/fotografiska.ee\/epood\/wp-json\/wp\/v2\/media?parent=27674"}],"wp:term":[{"taxonomy":"product_brand","embeddable":true,"href":"https:\/\/fotografiska.ee\/epood\/wp-json\/wp\/v2\/product_brand?post=27674"},{"taxonomy":"product_cat","embeddable":true,"href":"https:\/\/fotografiska.ee\/epood\/wp-json\/wp\/v2\/product_cat?post=27674"},{"taxonomy":"product_tag","embeddable":true,"href":"https:\/\/fotografiska.ee\/epood\/wp-json\/wp\/v2\/product_tag?post=27674"}],"curies":[{"name":"wp","href":"https:\/\/api.w.org\/{rel}","templated":true}]}}