{"id":2557,"date":"2021-03-03T14:26:39","date_gmt":"2021-03-03T12:26:39","guid":{"rendered":"https:\/\/www.fotografiska.ee\/epood\/?post_type=product&#038;p=2557"},"modified":"2024-12-12T14:10:15","modified_gmt":"2024-12-12T12:10:15","slug":"karahvini-ja-klaaside-komplekt","status":"publish","type":"product","link":"https:\/\/fotografiska.ee\/epood\/product\/karahvini-ja-klaaside-komplekt\/","title":{"rendered":"Karahvini ja klaaside komplekt"},"content":{"rendered":"<p>100% uuskasutatud klaasid ja karahvinid.<\/p>\n<p>Fotografiska \"j\u00e4tkusuutliku naudingu\" toidukontseptsioonist inspireerituna t\u00e4rkas m\u00f5te veinipudelite sulatamise asemel kasutada nende algset kuju, et neist restoranile klaase ja karahvine meisterdada. Need anumad on Stockholmi Fotografiskas kasutusel olnud alates 2015. aastast ja neid valmistatakse Rootsis, Sm\u00e5landis kuulsas Glasriketis (t\u00f5lkes klaasi kuningriik).<\/p>\n<p>Disainer: Linn H\u00e4ggbring, linnhaeggbring.se<\/p>\n<p>Komplekt sisaldab karahvini ja 4 klaasi. Klaaside k\u00f5rgus 9 cm, karahvini k\u00f5rgus 17 cm. Komplekt on pakitud kinkekarpi.<\/p>\n","protected":false},"excerpt":{"rendered":"<p>100% uuskasutatud klaasid ja karahvinid. Fotografiska \"j\u00e4tkusuutliku naudingu\" toidukontseptsioonist inspireerituna t\u00e4rkas m\u00f5te veinipudelite sulatamise asemel kasutada nende algset kuju, et neist restoranile klaase ja karahvine meisterdada. Need anumad on Stockholmi Fotografiskas kasutusel olnud alates 2015. aastast ja neid valmistatakse Rootsis, Sm\u00e5landis kuulsas Glasriketis (t\u00f5lkes klaasi kuningriik). Disainer: Linn H\u00e4ggbring, linnhaeggbring.se Komplekt sisaldab karahvini ja 4 [&hellip;]<\/p>\n","protected":false},"featured_media":2541,"template":"","meta":{"_acf_changed":false,"inline_featured_image":false},"product_brand":[],"product_cat":[376,378,398,309,17],"product_tag":[],"class_list":{"0":"post-2557","1":"product","2":"type-product","3":"status-publish","4":"has-post-thumbnail","6":"product_cat-fotografiska-kollektsioon","7":"product_cat-kingid","8":"product_cat-kureeritud-kingiideed","9":"product_cat-fotografiska-sinu-kodus","10":"product_cat-elustiil","12":"first","13":"instock","14":"taxable","15":"shipping-taxable","16":"purchasable","17":"product-type-simple"},"acf":[],"_links":{"self":[{"href":"https:\/\/fotografiska.ee\/epood\/wp-json\/wp\/v2\/product\/2557","targetHints":{"allow":["GET"]}}],"collection":[{"href":"https:\/\/fotografiska.ee\/epood\/wp-json\/wp\/v2\/product"}],"about":[{"href":"https:\/\/fotografiska.ee\/epood\/wp-json\/wp\/v2\/types\/product"}],"wp:featuredmedia":[{"embeddable":true,"href":"https:\/\/fotografiska.ee\/epood\/wp-json\/wp\/v2\/media\/2541"}],"wp:attachment":[{"href":"https:\/\/fotografiska.ee\/epood\/wp-json\/wp\/v2\/media?parent=2557"}],"wp:term":[{"taxonomy":"product_brand","embeddable":true,"href":"https:\/\/fotografiska.ee\/epood\/wp-json\/wp\/v2\/product_brand?post=2557"},{"taxonomy":"product_cat","embeddable":true,"href":"https:\/\/fotografiska.ee\/epood\/wp-json\/wp\/v2\/product_cat?post=2557"},{"taxonomy":"product_tag","embeddable":true,"href":"https:\/\/fotografiska.ee\/epood\/wp-json\/wp\/v2\/product_tag?post=2557"}],"curies":[{"name":"wp","href":"https:\/\/api.w.org\/{rel}","templated":true}]}}