{"id":19522,"date":"2023-03-15T14:15:33","date_gmt":"2023-03-15T12:15:33","guid":{"rendered":"https:\/\/www.fotografiska.ee\/epood\/?post_type=product&#038;p=19522"},"modified":"2025-12-17T12:10:49","modified_gmt":"2025-12-17T09:10:49","slug":"kaelaratik-endless-ocean","status":"publish","type":"product","link":"https:\/\/fotografiska.ee\/epood\/product\/kaelaratik-endless-ocean\/","title":{"rendered":"Kaelar\u00e4tik Endless Ocean"},"content":{"rendered":"<ul>\n<li>100% siid.<\/li>\n<li>K\u00e4sitsi \u00f5mmeldud Eestis.<\/li>\n<li>Suurus: 80x80 cm<\/li>\n<\/ul>\n","protected":false},"excerpt":{"rendered":"<p><span style=\"font-weight: 400\">Kollektsioon ENDLESS OCEAN on inspireeritud Fotografiska x Kaubamaja \u00fchisprojektist \u2013 selles saavad kokku loodus ja selles elavad uskumatud organismid. Ernst Haeckeli t\u00f6\u00f6st ja tema veendumustest on saanud inspiratsiooni 20 ainulaadset mustrit, milles kunst ja loodus on omavahel seotud. Mustrid jutustavad loo ohustatud koralliliikidest, nagu <\/span><i><span style=\"font-weight: 400\">Carchesium polypinum<\/span><\/i><span style=\"font-weight: 400\"> ja <\/span><i><span style=\"font-weight: 400\">Campanella umbellaria<\/span><\/i><span style=\"font-weight: 400\">, mis v\u00f5luvad oma keerukate ja v\u00e4rvik\u00fcllaste vormidega.<\/span><\/p>\n<p>Toode on saadaval ettetellimisel. Valmistamise aeg: 2 \u2013 3 n\u00e4dalat.<\/p>\n<p>&nbsp;<\/p>\n","protected":false},"featured_media":19523,"template":"","meta":{"_acf_changed":false,"inline_featured_image":false},"product_brand":[],"product_cat":[357],"product_tag":[],"class_list":{"0":"post-19522","1":"product","2":"type-product","3":"status-publish","4":"has-post-thumbnail","6":"product_cat-tehisintellektitooted","8":"first","9":"outofstock","10":"taxable","11":"shipping-taxable","12":"purchasable","13":"product-type-simple"},"acf":[],"_links":{"self":[{"href":"https:\/\/fotografiska.ee\/epood\/wp-json\/wp\/v2\/product\/19522","targetHints":{"allow":["GET"]}}],"collection":[{"href":"https:\/\/fotografiska.ee\/epood\/wp-json\/wp\/v2\/product"}],"about":[{"href":"https:\/\/fotografiska.ee\/epood\/wp-json\/wp\/v2\/types\/product"}],"wp:featuredmedia":[{"embeddable":true,"href":"https:\/\/fotografiska.ee\/epood\/wp-json\/wp\/v2\/media\/19523"}],"wp:attachment":[{"href":"https:\/\/fotografiska.ee\/epood\/wp-json\/wp\/v2\/media?parent=19522"}],"wp:term":[{"taxonomy":"product_brand","embeddable":true,"href":"https:\/\/fotografiska.ee\/epood\/wp-json\/wp\/v2\/product_brand?post=19522"},{"taxonomy":"product_cat","embeddable":true,"href":"https:\/\/fotografiska.ee\/epood\/wp-json\/wp\/v2\/product_cat?post=19522"},{"taxonomy":"product_tag","embeddable":true,"href":"https:\/\/fotografiska.ee\/epood\/wp-json\/wp\/v2\/product_tag?post=19522"}],"curies":[{"name":"wp","href":"https:\/\/api.w.org\/{rel}","templated":true}]}}