{"id":12256,"date":"2022-11-22T07:57:53","date_gmt":"2022-11-22T05:57:53","guid":{"rendered":"https:\/\/fotografiska.ee\/epood\/?post_type=product&#038;p=12256"},"modified":"2024-12-12T13:02:31","modified_gmt":"2024-12-12T11:02:31","slug":"fotografiska-glogi-0","status":"publish","type":"product","link":"https:\/\/fotografiska.ee\/epood\/product\/fotografiska-glogi-0\/","title":{"rendered":"Fotografiska Gl\u00f6gi 0%"},"content":{"rendered":"<p class=\"x_MsoNormal\"><span lang=\"ET\">Fotografiska gl\u00f6gi Eestimaa metsade mustikatest ja pohladest. <\/span><span lang=\"ET\">Magustatud meega ja v\u00fcrtsitatud t\u00f5mmisest p\u00e4\u00e4stetud kaneeli, nelgi ja kardemoniga. <\/span><span lang=\"ET\">Kuumuta kuni 60-70\u00b0C ja naudi kogu perega. Rikkalikult maitsekas nautimiseks iseseisvalt, <\/span><span lang=\"ET\">krehvti saad lisada t\u00f6rtsu lemmiku kange kraamiga! <\/span><span lang=\"ET\">Nipp! P\u00fchadeh\u00f5ngu lisab kuumutamine lisatud v\u00fcrtside ning kuivatatud j\u00f5hvikate ja p\u00e4hklitega.<\/span><\/p>\n","protected":false},"excerpt":{"rendered":"<p>Alkoholivaba gl\u00f6gi metsamarjadega valminud Fotografiska ja Artisan Honey koost\u00f6\u00f6s.<\/p>\n","protected":false},"featured_media":21808,"template":"","meta":{"_acf_changed":false,"inline_featured_image":false},"product_brand":[],"product_cat":[378,398,59,190],"product_tag":[300,299,296],"class_list":{"0":"post-12256","1":"product","2":"type-product","3":"status-publish","4":"has-post-thumbnail","6":"product_cat-kingid","7":"product_cat-kureeritud-kingiideed","8":"product_cat-fotografiska-maitsed","9":"product_cat-veinid-ja-joogid","10":"product_tag-glogi","11":"product_tag-hoogvein","12":"product_tag-joulud","14":"first","15":"instock","16":"taxable","17":"shipping-taxable","18":"purchasable","19":"product-type-simple"},"acf":[],"_links":{"self":[{"href":"https:\/\/fotografiska.ee\/epood\/wp-json\/wp\/v2\/product\/12256","targetHints":{"allow":["GET"]}}],"collection":[{"href":"https:\/\/fotografiska.ee\/epood\/wp-json\/wp\/v2\/product"}],"about":[{"href":"https:\/\/fotografiska.ee\/epood\/wp-json\/wp\/v2\/types\/product"}],"wp:featuredmedia":[{"embeddable":true,"href":"https:\/\/fotografiska.ee\/epood\/wp-json\/wp\/v2\/media\/21808"}],"wp:attachment":[{"href":"https:\/\/fotografiska.ee\/epood\/wp-json\/wp\/v2\/media?parent=12256"}],"wp:term":[{"taxonomy":"product_brand","embeddable":true,"href":"https:\/\/fotografiska.ee\/epood\/wp-json\/wp\/v2\/product_brand?post=12256"},{"taxonomy":"product_cat","embeddable":true,"href":"https:\/\/fotografiska.ee\/epood\/wp-json\/wp\/v2\/product_cat?post=12256"},{"taxonomy":"product_tag","embeddable":true,"href":"https:\/\/fotografiska.ee\/epood\/wp-json\/wp\/v2\/product_tag?post=12256"}],"curies":[{"name":"wp","href":"https:\/\/api.w.org\/{rel}","templated":true}]}}