{"id":1054,"date":"2020-12-03T13:42:50","date_gmt":"2020-12-03T11:42:50","guid":{"rendered":"http:\/\/fotografiska.ee\/epood\/product\/import-placeholder-for-91186\/"},"modified":"2024-12-09T13:31:56","modified_gmt":"2024-12-09T11:31:56","slug":"fotografiska-kohv","status":"publish","type":"product","link":"https:\/\/fotografiska.ee\/epood\/product\/fotografiska-kohv\/","title":{"rendered":"Espresso 250g"},"content":{"rendered":"<p>Kahe kohvisordi segu, \u0161okolaadine ja t\u00e4idlasem brasiillane, mis sobib \u00fclih\u00e4sti vahustatud piimaga. K\u00f5rval lilleline etioopialasega, mis lisab espressole Early Grey noote ning greipi. K\u00f5rgekvaliteetsed kohvisordid, mis toodetud vastutustundlikult ja j\u00e4tkusuutlikult.<\/p>\n","protected":false},"excerpt":{"rendered":"<p>Maitse rikkalikult siirupine, taamal sarapuup\u00e4hkel ja pruun suhkur, millele lisavad v\u00e4rskust pirn ja roheline \u00f5un.<\/p>\n<p>Fotografiska espresso valmib koost\u00f6\u00f6s Paper Mill r\u00f6stikojaga.<\/p>\n","protected":false},"featured_media":12272,"template":"","meta":{"_acf_changed":false,"inline_featured_image":false},"product_brand":[],"product_cat":[378,398,59],"product_tag":[],"class_list":{"0":"post-1054","1":"product","2":"type-product","3":"status-publish","4":"has-post-thumbnail","6":"product_cat-kingid","7":"product_cat-kureeritud-kingiideed","8":"product_cat-fotografiska-maitsed","10":"first","11":"instock","12":"taxable","13":"shipping-taxable","14":"purchasable","15":"product-type-simple"},"acf":[],"_links":{"self":[{"href":"https:\/\/fotografiska.ee\/epood\/wp-json\/wp\/v2\/product\/1054","targetHints":{"allow":["GET"]}}],"collection":[{"href":"https:\/\/fotografiska.ee\/epood\/wp-json\/wp\/v2\/product"}],"about":[{"href":"https:\/\/fotografiska.ee\/epood\/wp-json\/wp\/v2\/types\/product"}],"wp:featuredmedia":[{"embeddable":true,"href":"https:\/\/fotografiska.ee\/epood\/wp-json\/wp\/v2\/media\/12272"}],"wp:attachment":[{"href":"https:\/\/fotografiska.ee\/epood\/wp-json\/wp\/v2\/media?parent=1054"}],"wp:term":[{"taxonomy":"product_brand","embeddable":true,"href":"https:\/\/fotografiska.ee\/epood\/wp-json\/wp\/v2\/product_brand?post=1054"},{"taxonomy":"product_cat","embeddable":true,"href":"https:\/\/fotografiska.ee\/epood\/wp-json\/wp\/v2\/product_cat?post=1054"},{"taxonomy":"product_tag","embeddable":true,"href":"https:\/\/fotografiska.ee\/epood\/wp-json\/wp\/v2\/product_tag?post=1054"}],"curies":[{"name":"wp","href":"https:\/\/api.w.org\/{rel}","templated":true}]}}